hat is the remainder when 101 is divided by 1/(53/52 + v)?
49
Let h = 1383 + -1082. Calculate the remainder when h is divided by 44.
37
Suppose 5*d = 4*y - 1058, 3*d - 2*y + 584 + 52 = 0. What is the remainder when 103 is divided by d/(-6) - 4/6?
33
Suppose -56 - 88 = -4*z - 4*h, -3*z + 87 = -4*h. Calculate the remainder when 294 is divided by z.
30
Let i(l) = 1 - 2 + 3*l**3 - l**3. Let r be i(1). What is the remainder when (2/2)/(r/66) is divided by 23?
20
Let w = -58 - -64. Suppose w*j + 4*j = 170. What is the remainder when 49 is divided by j?
15
Suppose 4*g - 64 = -3*n, -3*n + 116 = 2*n + 2*g. Let z(a) = -45*a**3 + 2*a**2 + 9*a + 8. Calculate the remainder when z(-1) is divided by n.
22
Suppose 4*t - c + 107 = 0, 0 = -3*t - c + 53 - 142. Let g = 31 + t. Suppose -g*z + 182 = -37. What is the remainder when z is divided by 25?
23
Let c(a) = -10*a**2 + 3*a + 1. Let r(o) = -o**2 + 1. Let k(s) = -c(s) + 3*r(s). What is the remainder when k(1) is divided by 5?
1
Suppose -612 = 15*u - 19*u. What is the remainder when u is divided by 13?
10
Suppose 13*j - 264 - 126 = 0. What is the remainder when 108 is divided by j?
18
Let g be (-1)/((-3)/114) + -2. Let u = g - 34. Let d(a) = -a**2 - 5*a - 4. Calculate the remainder when d(-3) is divided by u.
0
Let s(w) = 2*w**2 - 2 + 3*w**2 + 3*w**3 - 13*w + w**3 - 3*w**3. Calculate the remainder when 78 is divided by s(-6).
38
Let v = 13 - 5. What is the remainder when 4*3/(36/159) is divided by (-2)/1 - v*-2?
11
Suppose 2*f - 7 = -3. Calculate the remainder when 4 - f/((-8)/44) is divided by 6.
3
Suppose 3*m - 15 = 0, -3*h + 225 = 2*h + 3*m. Calculate the remainder when h/4 - (0 + (-6)/12) is divided by 3.
2
Suppose -4*o - 7 + 91 = 0. What is the remainder when (-303)/(-5)*(-75)/(-45) is divided by o?
17
Suppose 18*a - 15*a + 228 = 0. Let b = -33 - a. What is the remainder when b is divided by 22?
21
Let y(u) = 26*u**2 - 3*u + 3*u. Suppose -5*n + 139 = 2*q, 3*n + 3 = -6. What is the remainder when q is divided by y(-1)?
25
Suppose 9 + 2 = 3*l + 5*y, 3*y = -15. Suppose 0 = m - 4*c - 30, c - 142 = m - 4*m. Suppose -3*k + k = -m. Calculate the remainder when k is divided by l.
11
What is the remainder when 43 is divided by ((-9)/12)/((-15)/180)?
7
Let k = 127 + -70. Suppose 35 = -y + 2*y + 5*o, 0 = -y - o + 15. What is the remainder when k is divided by 3*(0 + y/2)?
12
Suppose q - 124 = -107. Suppose q*x = 14*x + 147. What is the remainder when x is divided by 20?
9
Let o(y) = 37*y**2 - 2*y - 1. Let n be o(-1). Let c = n + -16. Calculate the remainder when 43 is divided by c.
21
Calculate the remainder when (0 - 8708/(-18)) + (-70)/(-315) is divided by 9.
7
Suppose 3*n + 10 = -t, 0 = n + 3*n + 20. Let s(x) = -2*x + 4. Let g be s(-6). Let c = t + g. What is the remainder when 41 is divided by c?
20
Let v be (-10)/15*3/1. Calculate the remainder when (v/2)/((-1)/35) is divided by 9.
8
What is the remainder when 145 - 1/((-7)/14) is divided by 30?
27
Suppose 0 = -3*i - 2*s + 35, 5*s + 0*s = -2*i + 27. What is the remainder when 74 is divided by i?
8
Calculate the remainder when 67089/513 + (4/18)/1 is divided by 22.
21
Suppose -4*z + 5*f - 62 = -518, -z + 121 = -3*f. Let h = z + 59. What is the remainder when h is divided by 57?
54
Suppose 0*h + 3*h - 195 = 0. Suppose 66 = -4*t + 7*t + l, -6*l = t - 22. What is the remainder when h is divided by t?
21
Suppose 16*p - 3130 + 106 = 0. What is the remainder when p is divided by 12?
9
Suppose 11*f = 9*f - 3*t + 46, 80 = 3*f - t. What is the remainder when 103 is divided by f?
25
What is the remainder when 348 is divided by (84/(-15))/((-30)/375)?
68
Suppose 2*q - 40 = 3*h + 1225, -q - 5*h + 600 = 0. What is the remainder when q is divided by 90?
85
Calculate the remainder when (3*(-17352)/(-162))/(1/3) is divided by 46.
44
Let i(t) = t**2 + 4*t + 7. Let z be i(-6). Suppose 0 = 4*p - 33 - z. Let q = 2210 - 2160. Calculate the remainder when q is divided by p.
11
Suppose -o = 5*i - 40, o - 4 = 1. Suppose 6*a - 364 = -7*a. Calculate the remainder when a is divided by i.
0
Suppose 3*h + 430 + 74 = 0. Let t = -130 - h. What is the remainder when t is divided by 21?
17
Suppose 288 = 26*z - 17*z. What is the remainder when 119 is divided by z?
23
Suppose -28 = -4*x - 4*c, 0 = -8*x + 3*x + 2*c + 49. Suppose x*m - 286 - 11 = 0. Let i(d) = 13*d**2 - 1. Calculate the remainder when m is divided by i(1).
9
Let b(a) = 5*a. Let g(s) = -2*s**2 - 33*s + 441. Calculate the remainder when b(6) is divided by g(-25).
14
Suppose -2*r + 8 = -r - 5*t, r = -5*t - 12. Let i(l) = 3*l**2 - 4*l - 3. Let h be i(r). Calculate the remainder when 61 is divided by -3 + (-4)/(-2) + h.
13
Suppose -3*q + 531 = 6*q. What is the remainder when q is divided by 15?
14
Suppose 0*f = -f - 56. What is the remainder when (f/(-21))/(1/12) is divided by 7?
4
Suppose -3*n + 49 = 2*k, -17*n + 19*n = -10. Calculate the remainder when k is divided by 7.
4
Let s = -426 - -716. Suppose -s = 12*y - 14*y. What is the remainder when y is divided by 37?
34
Let b be (16/14)/(14/49). Suppose -b*a - 31 = -91. Calculate the remainder when 36 is divided by a.
6
Suppose -665*m + 678*m - 4212 = 0. What is the remainder when m is divided by 30?
24
Suppose 0*z = -2*z + 6. Suppose -z*c = -5 - 19. Suppose 3*h + h = 5*y - 57, y - 19 = -3*h. Calculate the remainder when y is divided by c.
5
Suppose -5*j - 4*n = -4*j - 6, n = -3*j + 73. Suppose 0 = -3*d + 7*d + y - 403, 2*d + y - 199 = 0. What is the remainder when d is divided by j?
24
Let o = -36 + 38. Suppose 0 = -2*u - o*i + 18, -2*i = -2*u - 3*i + 13. Suppose -191 = -u*y - 67. What is the remainder when 60 is divided by y?
29
Suppose -8*v = -3*v - 10. Suppose j = 10*j - 45. Suppose 6*x - 156 = v*x + 3*u, -4*x + j*u + 156 = 0. What is the remainder when 116 is divided by x?
38
Suppose -22*z = -11*z - 209. What is the remainder when 185 is divided by z?
14
Let d(r) = 9*r + 6. Calculate the remainder when 209 is divided by d(4).
41
What is the remainder when (-6 - 26*-9)/2 is divided by 32?
18
Suppose 7 - 5 = 2*n. Suppose -2*t - n = -5. Suppose t*i - i = 10. Calculate the remainder when 17 is divided by i.
7
Suppose 5*f = 14*b - 13*b - 114, -b + 130 = 3*f. What is the remainder when b is divided by 27?
16
Let g(j) = -j**3 + 7*j**2 + 7. Let b be g(6). Let w = b + -11. Suppose 8*y = 4*y + w. Calculate the remainder when 29 is divided by y.
5
Let q be (-8 + 6)*10/(-4). Suppose 2*j = q*j + 72. Let z = j - -35. Calculate the remainder when 30 is divided by z.
8
Let p = 0 + -59. Let g = -26 - p. Suppose 82 = 11*w - 50. What is the remainder when g is divided by w?
9
Suppose 6*l = 2*l + 96. Calculate the remainder when 1312/14 + (-6)/(-21) is divided by l.
22
Suppose 15*b = 16*b - 2. Suppose -b*i + 248 = 2*i. Calculate the remainder when i is divided by 8.
6
What is the remainder when 1169 is divided by -1*31/((-217)/630)?
89
Suppose 43*i + 571 = 1517. Calculate the remainder when 259 is divided by i.
17
Let m = 804 - 666. Calculate the remainder when m is divided by 52.
34
Suppose 0*a = 33*a - 1122. Calculate the remainder when a is divided by 17.
0
Suppose 82 = 2*f - 3*c - 57, 2*c + 70 = f. Suppose -u = 5 + 21. Let y = u - -44. What is the remainder when f is divided by y?
14
Let t(d) = d**3 - 19*d**2 + 19*d - 13. Let f be t(18). Suppose 4*c + 11 + 17 = 2*s, -f*s + 55 = 5*c. Calculate the remainder when 2/(-1) + 3*12 is divided by s.
10
Suppose -o + 2 = 0, 2*p + p = -o - 19. What is the remainder when 12 is divided by (2 + p/2)*(-48)/18?
0
Let w(o) = 5*o**2 + 3*o - 2. Let r be 6/4*-2 + 5. Calculate the remainder when w(r) is divided by 13.
11
Let o = 567 - 296. What is the remainder when o is divided by 125?
21
Calculate the remainder when 262 is divided by (-18)/(2 + (-5)/(20/14)).
10
Let z = 94 + -91. What is the remainder when 11 is divided by z?
2
Let a(v) = 2*v**2 + 7*v - 1. Let q be a(-5). Suppose -q*c = -8*c - 120. What is the remainder when 58 is divided by c?
18
Suppose -4*m + 31 + 13 = 0. Let h = -14 + m. Let s(o) = -o + 2. What is the remainder when 7 is divided by s(h)?
2
Suppose 0 = -5*z + 8 + 52. Suppose 80 = l + z. What is the remainder when l is divided by 23?
22
Let x = -38 - -88. What is the remainder when 294 is divided by x?
44
Let f(g) = -48*g**3 - g - 1. Let l be 1